{"id":1011,"date":"2020-10-24T21:31:03","date_gmt":"2020-10-24T21:31:03","guid":{"rendered":"https:\/\/mezcalcarreno.com\/?page_id=1011"},"modified":"2021-02-02T16:05:18","modified_gmt":"2021-02-02T22:05:18","slug":"mezcales","status":"publish","type":"page","link":"https:\/\/mezcalcarreno.com\/alemania\/?page_id=1011","title":{"rendered":"Mezcales"},"content":{"rendered":"<p>[vc_row][vc_column width=&#8221;1\/2&#8243; offset=&#8221;vc_col-lg-offset-3 vc_col-lg-6 vc_col-md-offset-2 vc_col-md-8 vc_col-sm-offset-1&#8243;][vc_row_inner][vc_column_inner][la_divider height=&#8221;lg:60px;&#8221;][vc_single_image image=&#8221;1259&#8243; alignment=&#8221;center&#8221;][la_divider height=&#8221;lg:40px;&#8221;][vc_column_text]Der Vorschlag von Mezcal Carre\u00f1o im 21. Jahrhundert ist, einem Bio-Mezcal beide Handwerker anzubieten; hergestellt in Kupfer Alembic, als Ahnen; Hergestellt in einem Tontopf mit dem typischen Charakter der Agavenpflanze und des Terroirs. Die Etiketten reichen von einzelnen Sorten wie Espad\u00edn, Tobal\u00e1, Tobasiche und Tepeztate bis zu Ensamble 7, einer Mischung aus sieben wilden Agaven, die von den sieben Enkelinnen von Apolonio Carre\u00f1o inspiriert ist.[\/vc_column_text][vc_single_image image=&#8221;2103&#8243; img_size=&#8221;full&#8221; alignment=&#8221;center&#8221;][la_divider height=&#8221;lg:60px;&#8221;][la_heading tag=&#8221;h1&#8243; spacer=&#8221;line&#8221; spacer_position=&#8221;middle&#8221; line_height=&#8221;1&#8243; title=&#8221;Flaschendesign&#8221; line_width=&#8221;lg:100px;&#8221; line_class=&#8221;margin-top-25 margin-bottom-20&#8243; title_fz=&#8221;lg:30px;&#8221;][\/la_heading][la_divider height=&#8221;lg:60px;&#8221;][vc_column_text]Mezcal Carre\u00f1o inspiriert uns jeden Tag, unsere Flasche wurde auf der Basis eines vorspanischen Glases aus der Stadt Mitla hergestellt, was aufgrund unserer zapotekischen Identit\u00e4t nicht anders sein k\u00f6nnte. In diesem Objekt verk\u00f6rpern mexikanische Grafik- und Industriedesigner, die bei den bekanntesten Design- und Grafikwettbewerben der Welt Preise gewonnen haben, eine unnachahmliche Kombination kreativer Merkmale. Es ist eine Hommage an unser Land, an unsere Vorfahren und vor allem an die Bewahrung unseres kulturellen Erbes. In jeder Flasche steckt eine tolle Geschichte.[\/vc_column_text][vc_single_image image=&#8221;2101&#8243; img_size=&#8221;full&#8221; alignment=&#8221;center&#8221;][la_divider height=&#8221;lg:60px;&#8221;][\/vc_column_inner][\/vc_row_inner][\/vc_column][\/vc_row][vc_row][vc_column][vc_row_inner][vc_column_inner width=&#8221;1\/3&#8243;][vc_single_image image=&#8221;1833&#8243; img_size=&#8221;full&#8221; onclick=&#8221;custom_link&#8221; link=&#8221;\/alemania\/?page_id=1191&#8243;][la_heading tag=&#8221;h3&#8243; spacer=&#8221;line&#8221; spacer_position=&#8221;middle&#8221; line_height=&#8221;1&#8243; title=&#8221;Zusammenbauen 7&#8243; line_width=&#8221;lg:100px;&#8221; line_class=&#8221;margin-top-25 margin-bottom-20&#8243; title_fz=&#8221;lg:18px;&#8221;]Mischung aus sieben wilden Agaven[\/la_heading][vc_btn title=&#8221;Mehr erfahren&#8221; style=&#8221;outline-custom&#8221; outline_custom_color=&#8221;#666666&#8243; outline_custom_hover_background=&#8221;#d7bb66&#8243; outline_custom_hover_text=&#8221;#ffffff&#8221; shape=&#8221;square&#8221; size=&#8221;sm&#8221; align=&#8221;center&#8221; i_align=&#8221;right&#8221; i_icon_fontawesome=&#8221;fa fa-angle-right&#8221; add_icon=&#8221;true&#8221; link=&#8221;url:https%3A%2F%2Fmezcalcarreno.com%2Falemania%2F%3Fpage_id%3D1191|title:Ensamble%207||&#8221;][\/vc_column_inner][vc_column_inner width=&#8221;1\/3&#8243;][vc_single_image image=&#8221;1835&#8243; img_size=&#8221;full&#8221; onclick=&#8221;custom_link&#8221; link=&#8221;\/alemania\/?page_id=1193&#8243;][la_heading tag=&#8221;h3&#8243; spacer=&#8221;line&#8221; spacer_position=&#8221;middle&#8221; line_height=&#8221;1&#8243; title=&#8221;Tobal\u00e1&#8221; line_width=&#8221;lg:100px;&#8221; line_class=&#8221;margin-top-25 margin-bottom-20&#8243; title_fz=&#8221;lg:18px;&#8221;]Monovarietal 100% Tobal\u00e1[\/la_heading][vc_btn title=&#8221;Mehr erfahren&#8221; style=&#8221;outline-custom&#8221; outline_custom_color=&#8221;#666666&#8243; outline_custom_hover_background=&#8221;#d7bb66&#8243; outline_custom_hover_text=&#8221;#ffffff&#8221; shape=&#8221;square&#8221; size=&#8221;sm&#8221; align=&#8221;center&#8221; i_align=&#8221;right&#8221; i_icon_fontawesome=&#8221;fa fa-angle-right&#8221; add_icon=&#8221;true&#8221; link=&#8221;url:https%3A%2F%2Fmezcalcarreno.com%2Falemania%2F%3Fpage_id%3D1193|title:Tobala||&#8221;][\/vc_column_inner][vc_column_inner width=&#8221;1\/3&#8243;][vc_single_image image=&#8221;1836&#8243; img_size=&#8221;full&#8221; onclick=&#8221;custom_link&#8221; link=&#8221;\/alemania\/?page_id=1195&#8243;][la_heading tag=&#8221;h3&#8243; spacer=&#8221;line&#8221; spacer_position=&#8221;middle&#8221; line_height=&#8221;1&#8243; title=&#8221;Tobasiche&#8221; line_width=&#8221;lg:100px;&#8221; line_class=&#8221;margin-top-25 margin-bottom-20&#8243; title_fz=&#8221;lg:18px;&#8221;]Monovarietal 100% Tobasiche[\/la_heading][vc_btn title=&#8221;Mehr erfahren&#8221; style=&#8221;outline-custom&#8221; outline_custom_color=&#8221;#666666&#8243; outline_custom_hover_background=&#8221;#d7bb66&#8243; outline_custom_hover_text=&#8221;#ffffff&#8221; shape=&#8221;square&#8221; size=&#8221;sm&#8221; align=&#8221;center&#8221; i_align=&#8221;right&#8221; i_icon_fontawesome=&#8221;fa fa-angle-right&#8221; add_icon=&#8221;true&#8221; link=&#8221;url:https%3A%2F%2Fmezcalcarreno.com%2Falemania%2F%3Fpage_id%3D1195|title:Tobasiche||&#8221;][\/vc_column_inner][\/vc_row_inner][la_divider height=&#8221;lg:35px;&#8221;][vc_row_inner][vc_column_inner width=&#8221;1\/3&#8243;][vc_single_image image=&#8221;1837&#8243; img_size=&#8221;full&#8221; onclick=&#8221;custom_link&#8221; link=&#8221;\/alemania\/?page_id=1197&#8243;][la_heading tag=&#8221;h3&#8243; spacer=&#8221;line&#8221; spacer_position=&#8221;middle&#8221; line_height=&#8221;1&#8243; title=&#8221;Tepeztate&#8221; line_width=&#8221;lg:100px;&#8221; line_class=&#8221;margin-top-25 margin-bottom-20&#8243; title_fz=&#8221;lg:18px;&#8221;]Monovarietal 100% Tepeztate[\/la_heading][vc_btn title=&#8221;Mehr erfahren&#8221; style=&#8221;outline-custom&#8221; outline_custom_color=&#8221;#666666&#8243; outline_custom_hover_background=&#8221;#d7bb66&#8243; outline_custom_hover_text=&#8221;#ffffff&#8221; shape=&#8221;square&#8221; size=&#8221;sm&#8221; align=&#8221;center&#8221; i_align=&#8221;right&#8221; i_icon_fontawesome=&#8221;fa fa-angle-right&#8221; add_icon=&#8221;true&#8221; link=&#8221;url:https%3A%2F%2Fmezcalcarreno.com%2Falemania%2F%3Fpage_id%3D1197|title:Tepeztate||&#8221;][\/vc_column_inner][vc_column_inner width=&#8221;1\/3&#8243;][vc_single_image image=&#8221;1838&#8243; img_size=&#8221;full&#8221; onclick=&#8221;custom_link&#8221; link=&#8221;\/alemania\/?page_id=1199&#8243;][la_heading tag=&#8221;h3&#8243; spacer=&#8221;line&#8221; spacer_position=&#8221;middle&#8221; line_height=&#8221;1&#8243; title=&#8221;Espadin jung&#8221; line_width=&#8221;lg:100px;&#8221; line_class=&#8221;margin-top-25 margin-bottom-20&#8243; title_fz=&#8221;lg:18px;&#8221;]Monovarietal 100% Espadin[\/la_heading][vc_btn title=&#8221;Mehr erfahren&#8221; style=&#8221;outline-custom&#8221; outline_custom_color=&#8221;#666666&#8243; outline_custom_hover_background=&#8221;#d7bb66&#8243; outline_custom_hover_text=&#8221;#ffffff&#8221; shape=&#8221;square&#8221; size=&#8221;sm&#8221; align=&#8221;center&#8221; i_align=&#8221;right&#8221; i_icon_fontawesome=&#8221;fa fa-angle-right&#8221; add_icon=&#8221;true&#8221; link=&#8221;url:https%3A%2F%2Fmezcalcarreno.com%2Falemania%2F%3Fpage_id%3D1199|title:Espad%C3%ADn||&#8221;][\/vc_column_inner][vc_column_inner width=&#8221;1\/3&#8243;][vc_single_image image=&#8221;1839&#8243; img_size=&#8221;full&#8221; onclick=&#8221;custom_link&#8221; link=&#8221;\/alemania\/?page_id=1201&#8243;][la_heading tag=&#8221;h3&#8243; spacer=&#8221;line&#8221; spacer_position=&#8221;middle&#8221; line_height=&#8221;1&#8243; title=&#8221;Naran&#8221; line_width=&#8221;lg:100px;&#8221; line_class=&#8221;margin-top-25 margin-bottom-20&#8243; title_fz=&#8221;lg:18px;&#8221;]Monovarietal 100% Espad\u00edn[\/la_heading][vc_btn title=&#8221;Mehr erfahren&#8221; style=&#8221;outline-custom&#8221; outline_custom_color=&#8221;#666666&#8243; outline_custom_hover_background=&#8221;#d7bb66&#8243; outline_custom_hover_text=&#8221;#ffffff&#8221; shape=&#8221;square&#8221; size=&#8221;sm&#8221; align=&#8221;center&#8221; i_align=&#8221;right&#8221; i_icon_fontawesome=&#8221;fa fa-angle-right&#8221; add_icon=&#8221;true&#8221; link=&#8221;url:https%3A%2F%2Fmezcalcarreno.com%2Falemania%2F%3Fpage_id%3D1201|title:Naran||&#8221;][\/vc_column_inner][\/vc_row_inner][la_divider height=&#8221;lg:80px;&#8221;][\/vc_column][\/vc_row][vc_row][vc_column][vc_row_inner][vc_column_inner][la_heading tag=&#8221;h1&#8243; spacer=&#8221;line&#8221; spacer_position=&#8221;middle&#8221; line_height=&#8221;1&#8243; title=&#8221;Wo finden Sie uns?&#8221; line_width=&#8221;lg:100px;&#8221; line_class=&#8221;margin-top-25 margin-bottom-20&#8243; title_fz=&#8221;lg:30px;&#8221;]Wir werden Ihnen den Anfang unserer Geschichte erz\u00e4hlen, damit Sie nach dem Ende suchen.[\/la_heading][la_divider height=&#8221;lg:80px;&#8221;][\/vc_column_inner][\/vc_row_inner][vc_row_inner disable_element=&#8221;yes&#8221;][vc_column_inner][vc_images_carousel images=&#8221;1188&#8243; img_size=&#8221;medium&#8221; onclick=&#8221;custom_link&#8221; hide_pagination_control=&#8221;yes&#8221; hide_prev_next_buttons=&#8221;yes&#8221; custom_links=&#8221;#E-8_aHR0cHMlM0ElMkYlMkZ3d3cuY2xhcm9zaG9wLmNvbSUyRlRpZW5kYSUyRjEyNTQ0NCUyRm1lemNhbC1jYXJyZW5v&#8221;][la_divider height=&#8221;lg:100px;&#8221;][\/vc_column_inner][\/vc_row_inner][\/vc_column][\/vc_row][vc_row full_width=&#8221;stretch_row&#8221;][vc_column][vc_row_inner][vc_column_inner][vc_images_carousel images=&#8221;1188,1186,1187&#8243; img_size=&#8221;large&#8221; onclick=&#8221;custom_link&#8221; slides_per_view=&#8221;3&#8243; hide_pagination_control=&#8221;yes&#8221; hide_prev_next_buttons=&#8221;yes&#8221; custom_links=&#8221;#E-8_aHR0cHMlM0ElMkYlMkZ3d3cuY2xhcm9zaG9wLmNvbSUyRlRpZW5kYSUyRjEyNTQ0NCUyRm1lemNhbC1jYXJyZW5vJTJDaHR0cHMlM0ElMkYlMkZsaXN0YWRvLm1lcmNhZG9saWJyZS5jb20ubXglMkZzdXBlcm1lcmNhZG8lMkZtZXpjYWwtY2FycmUlMjVDMyUyNUIxbyUyM0QlNUJBJTNBbWV6Y2FsJTI1MjBjYXJyZSUyNUMzJTI1QjFvJTJDTUxNNTI1JTVEJTJDaHR0cHMlM0ElMkYlMkZ3d3cubGluaW8uY29tLm14JTJGc2VhcmNoJTNGc2Nyb2xsJTNEJTI2cSUzRG1lemNhbCUyQmNhcnJlJTI1QzMlMjVCMW8=&#8221;][la_divider height=&#8221;lg:100px;&#8221;][\/vc_column_inner][\/vc_row_inner][\/vc_column][\/vc_row]<\/p>\n","protected":false},"excerpt":{"rendered":"<p>[vc_row][vc_column width=&#8221;1\/2&#8243; offset=&#8221;vc_col-lg-offset-3 vc_col-lg-6 vc_col-md-offset-2 vc_col-md-8 vc_col-sm-offset-1&#8243;][vc_row_inner][vc_column_inner][la_divider height=&#8221;lg:60px;&#8221;][vc_single_image image=&#8221;1259&#8243; alignment=&#8221;center&#8221;][la_divider height=&#8221;lg:40px;&#8221;][vc_column_text]Der Vorschlag von Mezcal Carre\u00f1o im 21. Jahrhundert ist, einem&hellip;<\/p>\n","protected":false},"author":1,"featured_media":0,"parent":0,"menu_order":0,"comment_status":"closed","ping_status":"closed","template":"","meta":{"spay_email":""},"_links":{"self":[{"href":"https:\/\/mezcalcarreno.com\/alemania\/index.php?rest_route=\/wp\/v2\/pages\/1011"}],"collection":[{"href":"https:\/\/mezcalcarreno.com\/alemania\/index.php?rest_route=\/wp\/v2\/pages"}],"about":[{"href":"https:\/\/mezcalcarreno.com\/alemania\/index.php?rest_route=\/wp\/v2\/types\/page"}],"author":[{"embeddable":true,"href":"https:\/\/mezcalcarreno.com\/alemania\/index.php?rest_route=\/wp\/v2\/users\/1"}],"replies":[{"embeddable":true,"href":"https:\/\/mezcalcarreno.com\/alemania\/index.php?rest_route=%2Fwp%2Fv2%2Fcomments&post=1011"}],"version-history":[{"count":70,"href":"https:\/\/mezcalcarreno.com\/alemania\/index.php?rest_route=\/wp\/v2\/pages\/1011\/revisions"}],"predecessor-version":[{"id":2334,"href":"https:\/\/mezcalcarreno.com\/alemania\/index.php?rest_route=\/wp\/v2\/pages\/1011\/revisions\/2334"}],"wp:attachment":[{"href":"https:\/\/mezcalcarreno.com\/alemania\/index.php?rest_route=%2Fwp%2Fv2%2Fmedia&parent=1011"}],"curies":[{"name":"wp","href":"https:\/\/api.w.org\/{rel}","templated":true}]}}