{"id":1588,"date":"2020-10-29T15:43:31","date_gmt":"2020-10-29T15:43:31","guid":{"rendered":"https:\/\/mezcalcarreno.com\/?post_type=product&#038;p=1588"},"modified":"2021-02-02T17:29:40","modified_gmt":"2021-02-02T23:29:40","slug":"ensamble-7","status":"publish","type":"product","link":"https:\/\/mezcalcarreno.com\/alemania\/?product=ensamble-7","title":{"rendered":"Ensamble 7"},"content":{"rendered":"<p>750 ml<\/p>\n<p><strong>Totale Harmonie<\/strong><\/p>\n<p>Inspiriert vom Charakter seiner 7 Enkelinnen w\u00e4hlte Apolonio Carre\u00f1o sorgf\u00e4ltig 7 Agavensorten aus, um jede von ihnen darzustellen, und erzielte so ein best\u00e4ndiges Gleichgewicht. Seine seidige Textur offenbart komplexe Aromen und unvergleichliche Aromen. Mit einem exquisiten Nachgeschmack in perfekter Harmonie, um das Mezcal Carre\u00f1o-Erlebnis zu erleben, sagen wir, dass das Au\u00dfergew\u00f6hnliche m\u00f6glich ist.<\/p>\n","protected":false},"excerpt":{"rendered":"<p><strong>Totale Harmonie<\/strong><\/p>\n<p>Inspiriert vom Charakter seiner 7 Enkelinnen w\u00e4hlte Apolonio Carre\u00f1o sorgf\u00e4ltig 7 Agavensorten aus, um jede von ihnen darzustellen, und erzielte so ein best\u00e4ndiges Gleichgewicht. Seine seidige Textur offenbart komplexe Aromen und unvergleichliche Aromen. Mit einem exquisiten Nachgeschmack in perfekter Harmonie, um das Mezcal Carre\u00f1o-Erlebnis zu erleben, sagen wir, dass das Au\u00dfergew\u00f6hnliche m\u00f6glich ist.<\/p>\n","protected":false},"featured_media":1699,"comment_status":"open","ping_status":"closed","template":"","meta":{"spay_email":""},"_links":{"self":[{"href":"https:\/\/mezcalcarreno.com\/alemania\/index.php?rest_route=\/wp\/v2\/product\/1588"}],"collection":[{"href":"https:\/\/mezcalcarreno.com\/alemania\/index.php?rest_route=\/wp\/v2\/product"}],"about":[{"href":"https:\/\/mezcalcarreno.com\/alemania\/index.php?rest_route=\/wp\/v2\/types\/product"}],"replies":[{"embeddable":true,"href":"https:\/\/mezcalcarreno.com\/alemania\/index.php?rest_route=%2Fwp%2Fv2%2Fcomments&post=1588"}],"wp:featuredmedia":[{"embeddable":true,"href":"https:\/\/mezcalcarreno.com\/alemania\/index.php?rest_route=\/wp\/v2\/media\/1699"}],"wp:attachment":[{"href":"https:\/\/mezcalcarreno.com\/alemania\/index.php?rest_route=%2Fwp%2Fv2%2Fmedia&parent=1588"}],"curies":[{"name":"wp","href":"https:\/\/api.w.org\/{rel}","templated":true}]}}